 highest common factor of 343 and 49.
49
What is the greatest common divisor of 1128 and 84?
12
Calculate the greatest common factor of 3 and 96.
3
What is the highest common divisor of 2793 and 14364?
399
Calculate the highest common divisor of 12630 and 30.
30
What is the greatest common divisor of 34 and 638?
2
Calculate the highest common divisor of 42 and 3885.
21
What is the greatest common factor of 198 and 154?
22
What is the greatest common factor of 1921 and 17?
17
What is the highest common factor of 44 and 81884?
44
Calculate the highest common divisor of 2301 and 78.
39
What is the greatest common factor of 9 and 4275?
9
Calculate the greatest common factor of 756 and 108.
108
What is the greatest common divisor of 2325 and 150?
75
Calculate the greatest common divisor of 12293 and 57.
19
What is the greatest common divisor of 10 and 3370?
10
What is the greatest common factor of 33 and 6688?
11
Calculate the highest common divisor of 341 and 124.
31
What is the greatest common factor of 232 and 6148?
116
What is the greatest common factor of 24 and 232?
8
Calculate the greatest common divisor of 19455 and 15.
15
Calculate the highest common factor of 1444 and 28.
4
What is the highest common divisor of 35 and 1855?
35
Calculate the highest common divisor of 90 and 405.
45
Calculate the greatest common divisor of 1441 and 22.
11
What is the greatest common divisor of 7 and 56?
7
What is the greatest common divisor of 5246 and 172?
86
Calculate the highest common factor of 100 and 496.
4
Calculate the highest common divisor of 45 and 1845.
45
Calculate the highest common divisor of 2771 and 17.
17
What is the greatest common divisor of 5529 and 57?
57
What is the greatest common divisor of 273 and 2769?
39
Calculate the highest common factor of 820 and 3608.
164
What is the greatest common factor of 16 and 320?
16
What is the highest common factor of 36 and 8?
4
What is the highest common factor of 1645 and 35?
35
Calculate the greatest common factor of 960 and 18.
6
What is the highest common divisor of 165 and 120?
15
What is the greatest common factor of 195 and 507?
39
Calculate the greatest common factor of 459 and 68.
17
What is the highest common factor of 836 and 4884?
44
What is the highest common factor of 1539 and 81?
81
What is the highest common factor of 16 and 944?
16
What is the greatest common divisor of 3912 and 48?
24
What is the highest common divisor of 10374 and 104?
26
Calculate the greatest common factor of 472 and 136.
8
What is the greatest common factor of 66 and 594?
66
What is the greatest common factor of 2444 and 94?
94
Calculate the highest common divisor of 4185 and 495.
45
What is the greatest common factor of 117 and 33111?
117
Calculate the highest common divisor of 150 and 330.
30
Calculate the greatest common factor of 27 and 1107.
27
Calculate the greatest common divisor of 96 and 32.
32
Calculate the highest common factor of 124 and 558.
62
What is the highest common factor of 110 and 90?
10
Calculate the highest common divisor of 1225 and 25.
25
What is the greatest common factor of 640 and 5680?
80
Calculate the highest common factor of 150 and 3.
3
What is the highest common factor of 144 and 7856?
16
What is the highest common factor of 75 and 1425?
75
Calculate the greatest common factor of 63 and 35.
7
What is the greatest common divisor of 494 and 38?
38
Calculate the highest common factor of 44 and 11.
11
Calculate the greatest common factor of 57 and 48.
3
What is the greatest common divisor of 304 and 133?
19
What is the highest common divisor of 481 and 26?
13
What is the greatest common factor of 26001 and 321?
321
Calculate the highest common divisor of 21 and 112.
7
What is the highest common factor of 27935 and 185?
185
Calculate the highest common divisor of 32 and 320.
32
Calculate the greatest common divisor of 203 and 7.
7
What is the highest common divisor of 519 and 24566?
173
Calculate the greatest common divisor of 216 and 16.
8
What is the greatest common divisor of 21 and 51?
3
Calculate the highest common factor of 200 and 150.
50
Calculate the greatest common divisor of 154 and 13.
1
What is the greatest common factor of 21 and 70?
7
Calculate the greatest common divisor of 6165 and 90.
45
What is the highest common factor of 8 and 648?
8
What is the greatest common factor of 2752 and 128?
64
What is the greatest common divisor of 4 and 286?
2
Calculate the highest common divisor of 954 and 53.
53
What is the greatest common divisor of 56 and 476?
28
Calculate the greatest common divisor of 99 and 33.
33
What is the greatest common divisor of 176 and 40?
8
What is the greatest common divisor of 62 and 62?
62
What is the greatest common divisor of 96 and 1392?
48
What is the highest common factor of 517 and 94?
47
Calculate the highest common factor of 171 and 817.
19
What is the highest common divisor of 140 and 20?
20
Calculate the highest common factor of 12 and 672.
12
What is the highest common divisor of 19 and 537?
1
Calculate the highest common factor of 142 and 3479.
71
What is the highest common factor of 132 and 704?
44
Calculate the highest common factor of 188 and 4.
4
What is the highest common factor of 234 and 36?
18
Calculate the greatest common factor of 10 and 290.
10
Calculate the greatest common divisor of 135 and 160.
5
What is the highest common divisor of 1040 and 130?
130
Calculate the highest common factor of 6 and 464.
2
Calculate the greatest common divisor of 49 and 35.
7
Calculate the greatest common divisor of 70 and 230.
10
Calculate the highest common divisor of 872 and 763.
109
Calculate the greatest common factor of 3201 and 231.
33
Calculate the greatest common divisor of 70 and 6034.
14
What is the greatest common factor of 104 and 56?
8
Calculate the greatest common divisor of 23 and 91.
1
What is the greatest common factor of 2 and 562?
2
Calculate the highest common factor of 286 and 209.
11
What is the highest common divisor of 325 and 50?
25
What is the greatest common divisor of 65 and 39?
13
What is the highest common factor of 249 and 11537?
83
Calculate the greatest common divisor of 493 and 261.
29
What is the highest common factor of 688 and 65704?
344
What is the highest common divisor of 346 and 1211?
173
Calculate the highest common factor of 2133 and 79.
79
What is the greatest common factor of 23728 and 32?
16
What is the highest common divisor of 216 and 52?
4
What is the highest common divisor of 288 and 216?
72
Calculate the greatest common divisor of 321 and 535.
107
Calculate the highest common factor of 39 and 117.
39
Calculate the greatest common divisor of 30 and 4660.
10
What is the highest common factor of 34 and 1717?
17
What is the highest common divisor of 204 and 4760?
68
Calculate the highest common factor of 1739 and 47.
47
What is the highest common factor of 72 and 102?
6
Calculate the highest common factor of 52 and 338.
26
Calculate the highest common divisor of 725 and 29.
29
What is the greatest common factor of 110 and 10?
10
Calculate the greatest common factor of 5 and 14515.
5
Calculate the greatest common factor of 2279 and 53.
53
What is the highest common factor of 15 and 305?
5
What is the highest common factor of 4267 and 34?
17
Calculate the greatest common divisor of 435 and 5916.
87
Calculate the highest common divisor of 2975 and 289.
17
What is the highest common divisor of 153 and 387?
9
Calculate the greatest common divisor of 55 and 2519.
11
What is the highest common divisor of 42 and 448?
14
Calculate the greatest common divisor of 2685 and 15.
15
Calculate the greatest common factor of 410 and 30.
10
Calculate the greatest common divisor of 426 and 2414.
142
What is the greatest common factor of 837 and 27?
27
Calculate the highest common factor of 38 and 608.
38
What is the highest common divisor of 26 and 20?
2
Calculate the greatest common divisor of 20 and 445.
5
What is the highest common divisor of 150 and 1230?
30
What is the greatest common factor of 25 and 3700?
25
Calculate the greatest common factor of 103 and 2.
1
Calculate the highest common factor of 459 and 68.
17
Calculate the greatest common factor of 15 and 915.
15
What is the greatest common factor o